pose 0 = 2*d - 0*d - 2*w - 2, -5*d - 5*w = -25. Suppose 11 = 4*g + d. Calculate the remainder when g is divided by (-28)/(-12) + (-4)/3.
0
Let p(z) = 2*z**2 - z - 3. Let v = 2 + -7. What is the remainder when p(4) is divided by 4/(-10) + (-67)/v?
12
Let w = 100 + -39. Calculate the remainder when w is divided by 32.
29
Let m be (-60)/(-8) - (-1)/(-2). Suppose 3*k + 4*d = 0, d = -2*k - 4*d - m. What is the remainder when 14 is divided by k?
2
Let y = 3 + 0. Let a be ((-18)/4)/(y/(-6)). Suppose b = q + a, 2*q - 5 - 47 = -5*b. Calculate the remainder when b is divided by 6.
4
What is the remainder when 40 is divided by 1/2 - (-27)/2?
12
Suppose 40 = 8*o - 4*o. Let q(v) = v**3 - 21*v**2 - 18*v - 51. Calculate the remainder when q(22) is divided by o.
7
Suppose 0 = -5*g - 2*t - 3*t + 230, 4*g - 4*t = 192. Suppose -4*q + 49 = 9. What is the remainder when g is divided by q?
7
Suppose 4 + 38 = 3*r. Let j(q) = 3*q**2 + 2*q - 1. What is the remainder when j(-4) is divided by r?
11
Let l(r) = -r**3 - 11*r**2 - 2*r - 12. What is the remainder when 17 is divided by l(-11)?
7
Suppose -x = y - 44, -84 = -2*x + 3*y - 6. Calculate the remainder when x is divided by 11.
9
Calculate the remainder when 15 is divided by 5*(0 + 45/25).
6
Let z(m) = m - 9. Let y be z(11). Let i be 820/(-8) - 1/y. Let c = -65 - i. Calculate the remainder when c is divided by 13.
12
Let l = 47 + 18. Calculate the remainder when l is divided by 0/(-1) + (2 + -1)*11.
10
Calculate the remainder when (-10)/(-35) - 624/(-21) is divided by 11.
8
Suppose -11 = -5*a + 14. Suppose -l - 36 = -3*x + l, -a*x - 5*l + 85 = 0. Calculate the remainder when 26 is divided by x.
12
Suppose 54 = -0*a + 3*a. Suppose 5*y - a = 37. Calculate the remainder when 21 is divided by y.
10
Let r be (-4)/5*(-45)/2. Suppose 5*h + 0*u - 4 = 3*u, -3*h - 5*u = r. Let f = 3 + h. Calculate the remainder when 4 is divided by f.
0
Suppose 2*y + 0*m - 5*m - 57 = 0, -y = -3*m - 31. Suppose 2*f = -s + y, -4*s - 15 = -2*f + 1. Calculate the remainder when 22 is divided by f.
6
Suppose z + 40 + 15 = -m, 5*m - 96 = 2*z. Let u = -25 - z. What is the remainder when u is divided by 15?
13
Let y(b) = -7*b - 4. Calculate the remainder when 66 is divided by y(-3).
15
Suppose 5*u + 5 = 6*u. Suppose 2 = -u*i - 23, 36 = p - 4*i. Suppose -o = 2*z - 65, 45 = 2*z + 4*o - 35. Calculate the remainder when z is divided by p.
14
Suppose 5*g + 29 = 199. What is the remainder when g is divided by 9?
7
Let t = -2 - 4. What is the remainder when 53 is divided by ((-4)/t)/((-3)/(-63))?
11
Let c(p) = p - 1. Let o be c(3). Let k = -2 + o. Suppose -2*z + y + 19 = k, z + 0*z + 3*y = 20. What is the remainder when 21 is divided by z?
10
Let v = 36 + -20. Calculate the remainder when 29 is divided by v.
13
Suppose -4*k - k + 20 = 0. Suppose 0*t - 72 = -k*t. What is the remainder when 51 is divided by t?
15
Let s(p) = -2*p**3 + 2*p**2 + 2*p + 1. Let n be s(-1). Suppose -47 = -n*k + 58. Calculate the remainder when k is divided by 9.
8
Let d = -2 + 5. Calculate the remainder when 4 is divided by d.
1
Let x(f) = -16*f - 3. Let h = 25 - 10. Calculate the remainder when x(-2) is divided by h.
14
Suppose -2*w - 680 = -7*w. Suppose p - 5*p = -w. Calculate the remainder when p is divided by 9.
7
Let d = 74 - 42. Suppose 0*h - d = -2*h. Let l = 35 - h. What is the remainder when 56 is divided by l?
18
Suppose 132 = 6*h - 2*h. Let t(s) = -2*s**2 - 14*s - 17. What is the remainder when h is divided by t(-4)?
5
Let t(c) = -9*c + 1. Suppose 0 = 4*q + 16, 2*d = 4*q - 2*q + 66. What is the remainder when d is divided by t(-1)?
9
Let j(k) = 85*k - 2. Let g be j(4). Let d be 2/(-8) - g/(-8). Suppose -x = -d - 25. Calculate the remainder when x is divided by 23.
21
Let j = -4 + 8. Suppose 0 = 4*y + 2*g + 2*g, 4 = y - g. Suppose -y*l - l = -9. What is the remainder when j is divided by l?
1
Let d(v) = -v**3 - 7*v**2 - 6*v + 5. Calculate the remainder when d(-6) is divided by 3.
2
Let x(t) be the first derivative of t**3/3 + 5*t - 1. Let p be x(0). Let z(j) = j**3 - 6*j**2 + 7*j - 3. Calculate the remainder when z(p) is divided by 2.
1
Let v(h) = -h**3 - h**2 + 4*h + 221. Calculate the remainder when v(0) is divided by 37.
36
Let f = 81 + -40. Suppose f + 14 = d. Let n(x) = -2*x**3 - 5*x**2 + 9*x + 7. Calculate the remainder when d is divided by n(-4).
17
Suppose 3*r + 39 - 144 = 0. What is the remainder when 69 is divided by r?
34
Suppose 20 = 4*y - 2*t, 2*t = 4*y - 5*y. Calculate the remainder when y is divided by 2.
0
Suppose b = 2*r + 3*r - 142, 5*r + 5*b - 160 = 0. What is the remainder when r is divided by 16?
13
Suppose 5*w - 432 - 83 = 0. Let s(g) = -8*g - 4. Let p be s(-8). Let f = w - p. What is the remainder when f is divided by 15?
13
Let x(b) = -b**3 - 5*b**2 - 2*b + 6. Calculate the remainder when x(-5) is divided by 9.
7
Suppose -8*g = -0*g - 184. Calculate the remainder when 43 is divided by g.
20
Suppose 0 = d + 6 - 24. What is the remainder when 34 is divided by d?
16
Let o be -3*4*(-3)/18. Suppose o*p = p + 6. What is the remainder when 10 is divided by p?
4
Suppose 2*a + 4*j + 0*j = 32, -43 = -3*a - 5*j. Let h = 72 + -46. Calculate the remainder when 6 is divided by h/a + (-2)/6.
2
Suppose 13 = s + 5*q - 0, 3*s - q + 9 = 0. Let b be 332/12 - s/(-3). Let h = b - 15. Calculate the remainder when 34 is divided by h.
10
Suppose -5*f + j = -100, -f - 20 = -2*f + 4*j. Calculate the remainder when 3/(9/(-3)) + f is divided by 10.
9
Let z(m) = m**2 + 4*m - 2. Let q be z(-5). Suppose j = 1, o - j = q*o - 31. Let s(n) = 7*n**3 + n**2 - n + 1. Calculate the remainder when o is divided by s(1).
7
Let u(b) = b**2 - 8*b. Let r be u(8). Suppose 0*l + 3*l - 9 = r. What is the remainder when 8 is divided by l?
2
Suppose 5*r - 280 = -0*r. Calculate the remainder when r is divided by 15.
11
Let k = 9 + -11. Calculate the remainder when 29 is divided by (-30)/(-1)*k/(-6).
9
Let z(h) = -h**3 + 7*h**2 - 5*h + 3. Let v be (-2)/6*-3*4. Calculate the remainder when 121 is divided by z(v).
28
Let d(c) = c + 16. What is the remainder when 29 is divided by d(-6)?
9
Let h be ((-20)/16)/((-2)/8). Suppose h*i - 95 = 2*z, -2*z + 52 = 4*i - 2*i. What is the remainder when i is divided by 6?
3
Let m(k) = 4*k**2 + 5*k - 6. What is the remainder when m(-3) is divided by 4?
3
Let u be -3*(0 + 3)/(-3). Suppose 5*w = 4*f - 149, -3*w + 8*w = -u*f + 138. What is the remainder when f is divided by 14?
13
Suppose 288 = 5*x + 3*j, -x - 2*j + 64 = 5. Suppose w + 0*w - x = 0. Suppose w + 11 = 4*k. What is the remainder when k is divided by 6?
5
Let o = 217 - 208. Calculate the remainder when 150 is divided by o.
6
Suppose 0 = 4*s - 2*l - 570, 0 = -2*s + 6*s + 4*l - 540. What is the remainder when s is divided by 13?
10
Let s be -2 - 3 - 0 - -1. Let a = 7 + s. Calculate the remainder when 5 is divided by a.
2
Suppose 1 = -2*b + 7. Suppose 17 + 4 = b*o. Calculate the remainder when 20 is divided by o.
6
Let m = -16 - 3. Let l = m - -33. What is the remainder when 4/(-14) + 552/21 is divided by l?
12
Let h = -7 - -4. Let m be 30/h*2/(-4). Let s(t) = t - 1. What is the remainder when 6 is divided by s(m)?
2
Suppose -4*n + 14 = z, z = 2*n - 6 + 2. Let w(o) = o**2 + 5 - 4 + 6*o + z. Calculate the remainder when w(-7) is divided by 4.
2
Let n = 50 - 12. Calculate the remainder when n is divided by 8.
6
Let z = -249 - -423. Suppose -2*j - j + z = 0. What is the remainder when j is divided by 15?
13
Let z = 29 - 21. Let b be 1*2*(1 + -3). What is the remainder when (66/b)/((-6)/8) is divided by z?
6
Let l = -5 + 38. What is the remainder when l is divided by 12?
9
Let o(n) = -n**3 - 15*n**2 - 19*n + 14. What is the remainder when o(-14) is divided by 17?
16
Suppose -s - 2 = 0, 2*x = 4*s + 1 + 11. Suppose 0 = -x*b - 4 - 0. Let c(j) = -5*j**3 - j**2 + 2*j - 1. Calculate the remainder when c(b) is divided by 11.
9
Let r(o) = o**2 + 8*o - 12. Let b = 24 - 34. Calculate the remainder when 29 is divided by r(b).
5
Let w = 36 - 28. Calculate the remainder when 9 is divided by w.
1
Suppose 0 = -h - 3*h + 12. Suppose 2*w + 2*i - 4 = 0, -h*i - 12 = -3*w + 18. Calculate the remainder when w is divided by 4.
2
Let f(z) be the first derivative of -z**4/24 - z**3/6 - z**2 + 2. Let u(v) be the second derivative of f(v